- 46, 2*y + 3*h = -21. What are the prime factors of a(y)?
2, 3, 5
Let r be (-4)/(-14) - (64/28 + 2). Let g(k) = k**2 + 2*k - 3. List the prime factors of g(r).
5
Let s(z) be the third derivative of z**4/24 + 7*z**3/3 - 3*z**2. List the prime factors of s(-6).
2
Suppose 2*f = -0 - 10. Let r = 10 + f. Suppose -r*t - w = -4*w - 71, -2*w - 58 = -4*t. List the prime factors of t.
2
Let l(z) = 5*z**2 - 6*z - 6. Let f(q) = -q**2 - q - 1. Let d(k) = -5*f(k) + l(k). Let t be d(-1). Suppose 2*v = 120 - t. List the prime factors of v.
5, 11
Suppose 3*m = -5*k + 1558, 2*k = -m + 583 + 40. List the prime factors of k.
311
Suppose f + 3 - 11 = 0. Let g be (-6)/(-4) + 28/f. Suppose -v + g = -36. List the prime factors of v.
41
Suppose -6*d + d + 250 = 0. List the prime factors of (21/2)/(5/d).
3, 5, 7
Let h = 17 + -13. Suppose 0 = -d + h*z + 10, -3*d + 0*z + 8 = -z. Suppose d*s - 24 = -2*v, 2*s - 50 = -3*v - v. What are the prime factors of v?
13
List the prime factors of (-424 - (3 - -10))*-15.
3, 5, 19, 23
Suppose 2*v - 4*a + 14 = 3*v, -5*v + 5*a = -20. Let p = 43 + -23. Suppose s + p = v*s. List the prime factors of s.
2
Suppose 29*w - 24*w = 1340. Suppose -3*k = 46 - w. What are the prime factors of k?
2, 37
Suppose 39*m + 26172 = 125622. List the prime factors of m.
2, 3, 5, 17
Let t(q) = -q**3 + 31*q**2 + 3*q + 126. List the prime factors of t(31).
3, 73
Suppose 3*y = l + 3, 4*l + 5*y - 5 = 2*l. Let i = l + 4. Let p = 8 + i. List the prime factors of p.
2, 3
Let l(d) = 47*d**2 - 1. Let r = 4 + -3. List the prime factors of l(r).
2, 23
Let y(g) = -3*g**2 - 14*g + 5. Let x(i) = 4*i**2 + 15*i - 5. Let m(o) = 4*x(o) + 5*y(o). Let k be m(7). Let r = 0 - k. List the prime factors of r.
2
Suppose 5*f - 3*f + 300 = 5*t, 5*t + 2*f = 280. Let m = t + -37. What are the prime factors of m?
3, 7
Let n(q) be the third derivative of q**5/60 + q**3 + 11*q**2. What are the prime factors of n(-5)?
31
Suppose 5*p = -4*a + 2828, 3*p + 6*a - 1694 = 5*a. What are the prime factors of p?
2, 3, 47
Let c = 417 - 126. List the prime factors of c.
3, 97
What are the prime factors of ((-4)/((-2)/1))/(6/1431)?
3, 53
Suppose 6*k - 24 = 3*k. Suppose 0 = 5*q + 3*j - 34, -5*q + 4*j = -k - 5. Suppose 3*f + 0 = 3, 3*f = -q*v + 193. List the prime factors of v.
2, 19
Let s(m) = 8*m - 28. Suppose -2*g - 3*g = p - 16, -3*g - 18 = -4*p. What are the prime factors of s(p)?
2, 5
Let h be -15*(8/(-5))/4. Suppose h = 4*r - 14. Suppose -r*v = -5*b - 10, -9 = v - 3*b - 3. List the prime factors of v.
2, 3
Let u = 8472 - 5753. What are the prime factors of u?
2719
What are the prime factors of (-14375)/(-50)*8/10 + 4?
2, 3, 13
Let f(s) = -70 + 7*s + 120 - 75. Let h(x) = -4*x - 1. Let i be h(-3). What are the prime factors of f(i)?
2, 13
Suppose 5*x - d = 20, -3*x + 22 - 2 = d. Suppose -334 = -x*h - 4*t, -35 = -5*h + 5*t + 290. What are the prime factors of h?
2, 3, 11
Let n be 3 - 1 - (-128)/(-8). Let k = 46 - 23. Let y = n + k. What are the prime factors of y?
3
Let q(l) = -l**3 - 16*l**2 + 13*l + 56. List the prime factors of q(-21).
2, 7, 71
Let h(s) = -s**3 - 3*s**2 - 4*s - 10. Let g = 91 - 95. List the prime factors of h(g).
2, 11
Let l = -33 - -79. Let h = l - 25. Suppose v - 21 - h = 0. List the prime factors of v.
2, 3, 7
Let n be ((-8)/24)/((-1)/33). Suppose -2*f + n + 1 = 0. Let q = f + 3. What are the prime factors of q?
3
Let d(a) = a + 3. Let m(h) = h + 2. Let p(w) = -2*d(w) + 3*m(w). List the prime factors of p(2).
2
Let q = 3524 + 307. List the prime factors of q.
3, 1277
Let h be (-129)/(((-45)/10)/9). Suppose 8*x - 5*x = h. List the prime factors of x.
2, 43
Let c = -4 + -1. Let t(o) = o**3 + 6*o**2 - 2*o + 7. What are the prime factors of t(c)?
2, 3, 7
Suppose -14*a + 30336 = -6*a. What are the prime factors of a?
2, 3, 79
Let p = -171 - -633. List the prime factors of p.
2, 3, 7, 11
Let a(p) be the third derivative of -p**4/12 - 2*p**3/3 - 8*p**2. Let z be a(-4). Suppose 32 = -z*v + 156. List the prime factors of v.
31
Let y(c) = -11*c - 1. Let d be y(5). Let v = d + 78. What are the prime factors of v?
2, 11
Let z = -4 + 7. What are the prime factors of (4 - 1) + 225/z?
2, 3, 13
Let o be (-6)/(-27) - (-25)/9. Suppose 0*z - o = -z. Suppose 3*x + 5 = 5*i + 88, z*x + 4*i - 101 = 0. What are the prime factors of x?
31
Let b = -581 + 697. Suppose -4*o - 236 = 28. Let y = o + b. List the prime factors of y.
2, 5
Suppose 0 = -4*q - 13 + 33. Suppose -q*a = 3*a - 1880. What are the prime factors of a?
5, 47
Let l(p) = -p**3 - 14*p**2 + 7*p + 83. List the prime factors of l(-18).
7, 179
Suppose 4*q - 5*c = 4424, 27*c = -3*q + 25*c + 3295. List the prime factors of q.
3, 367
Let i(q) = -q**3 + 4*q**2 + 5*q + 2. Let n be i(5). Suppose n*u + 72 = 394. What are the prime factors of u?
7, 23
Suppose 0 = -48*b + 39*b + 6066. List the prime factors of b.
2, 337
List the prime factors of (-10256)/(-3)*(11 + (-533)/52).
2, 641
Let z(p) = 7*p**2 + 22*p - 22. List the prime factors of z(8).
2, 7, 43
Let f(z) = -4*z - 9. Let s be f(-4). Suppose -s*p - 75 = -12*p. List the prime factors of p.
3, 5
Suppose -39*g = -2593 - 16361. List the prime factors of g.
2, 3
Let u be (-2 - 0) + 5 + 71. Suppose -4*l - 5*s + 51 = 0, 0*l + 4*s + u = 5*l. List the prime factors of l.
2, 7
What are the prime factors of 282 + 1 - -9*(-3)/27?
2, 3, 47
Let q(z) = -8*z - 54. Let s be q(16). Let w = s + 307. List the prime factors of w.
5
Suppose -t - 4 = -3*t. Suppose t*r - 2*x = 5*r - 142, 0 = 4*r + 4*x - 192. List the prime factors of r.
2, 23
Suppose -2*m + 900 = i, 2*i + 6*m - 1779 = 9*m. List the prime factors of i.
2, 3, 149
List the prime factors of (-24)/(-2 - -8) - -1313.
7, 11, 17
Let p be ((-3)/6)/(1/(-10)). Suppose -p = k, -3*k - 1 + 22 = -4*h. Let a = 14 + h. List the prime factors of a.
5
Suppose 5*c - 5 = 2*f + 5, c - 2*f - 2 = 0. Suppose 3 = -c*k - 69. What are the prime factors of (-95)/(-2)*k/(-30)?
3, 19
Let c(n) = n**3 + 14*n**2 - 4*n + 23. Let v = 30 + -44. List the prime factors of c(v).
79
Let k = 1082 - 828. List the prime factors of k.
2, 127
Let z be (-320)/(-150) - (-2)/(-15). Suppose 0 = -z*t + 2, -5*f = -0*t + 5*t - 155. List the prime factors of f.
2, 3, 5
Let n = -12 + 15. Let j be 3*-2*(-6)/9. Suppose j*v - n = 85. What are the prime factors of v?
2, 11
Suppose -4*p + 18 = 2. Suppose -p*y + 91 = -4*o + 23, -4*y = 2*o - 98. What are the prime factors of y?
2, 11
Suppose -14*s = -29*s + 960. What are the prime factors of s?
2
Let c = 15 - 13. Let s be 82/10 + c/(-10). Suppose s*r = 7*r + 2. What are the prime factors of r?
2
Let y = -120 + 51. Let p = y - -90. What are the prime factors of p?
3, 7
Let y be 4/(-4) + 4 + -1 + 18. Let a = 56 - y. List the prime factors of a.
2, 3
Suppose 3*a + 0*a + 6 = 0. Let g be 6 - ((-10)/(-5) + 8). What are the prime factors of (-45)/a*g/(-6)?
3, 5
Let k(y) = y**3 - 7*y**2 + y - 4. Let q be k(7). Suppose p = q*p - 4. Suppose u = -p*m + 3 + 25, -u - 7 = -5*m. List the prime factors of u.
2, 3
Suppose 3*b = 15, 0 = -5*f + b + 395 - 35. What are the prime factors of f?
73
Let t be 8/20 - (-244)/(-10). Let v = -24 - t. Suppose 2*h + h - 78 = v. List the prime factors of h.
2, 13
Suppose 0 = 4*b + 2*s + 4, -2*b - 2*s - 2 = -7*s. List the prime factors of (b/1)/((-9)/2538).
2, 3, 47
Let z be -5 + -4 + 0*2/(-6). List the prime factors of (1 - (-87)/z)/((-2)/36).
2, 3, 13
What are the prime factors of 2163/15 + (-9 - 392/(-40))?
5, 29
Let l be 13/39 - (1 - 786/(-9)). Let j = l + 187. List the prime factors of j.
3, 11
Let v = -430 - -898. List the prime factors of v.
2, 3, 13
Suppose -5*j = -4*d - 2173, -7 = -2*d - 1. List the prime factors of j.
19, 23
Suppose -24*c = 23*c - 144478. What are the prime factors of c?
2, 29, 53
Let r(t) = 145*t**3 - t**2 + 6*t - 18. What are the prime factors of r(2)?
2, 5, 23
Let g = -51 - -102. Let t = g + 41. List the prime factors of t.
2, 23
Let t(f) = 4*f**3 - 3*f**2 + 12*f - 7. What are the prime factors of t(5)?
2, 239
Suppose 217 + 178 = -5*o. What are the prime factors of o/4*(-3 + -1)?
79
What are the prime factors of ((16/(-24))/(-1))/(-2)*-3207?
1069
Suppose -681 = 5*p - 1776. What are the prime factors of p?
3, 73
Let h(r) = r - 13. Let b be h(-12). Let k = b - -52. List the prime factors of k.
3
Let k(v) = -3*v - 